 base 15, what is -4350 - -c?
-4343
In base 11, what is -13 - 10a31?
-10a44
In base 15, what is 4b4 - -b16?
10ca
In base 10, what is -234 - -600?
366
In base 12, what is -5 - 16a1?
-16a6
In base 15, what is -24 - 7b7?
-7db
In base 7, what is -10135 + 13?
-10122
In base 8, what is 6 + 411411?
411417
In base 14, what is -4 + 32120?
3211a
In base 15, what is -7bce + -4?
-7bd3
In base 3, what is 10112202202 + 211?
10112210120
In base 13, what is -5654 + -100?
-5754
In base 6, what is -22244 - -10335?
-11505
In base 7, what is 43 + -215?
-142
In base 8, what is 312210 + -5?
312203
In base 15, what is -4 + 32a27?
32a23
In base 16, what is 5c + -16e?
-112
In base 11, what is -3 - 2074?
-2077
In base 11, what is -5 - -73a7?
73a2
In base 13, what is 0 - -38a8?
38a8
In base 15, what is b4 + 25?
d9
In base 6, what is -2 + 2432051?
2432045
In base 2, what is -1111000111010 - -100?
-1111000110110
In base 14, what is -5d - 2c4?
-343
In base 13, what is -1aac - -64?
-1a48
In base 14, what is 35 + 82c6?
831b
In base 3, what is 0 - -20201021?
20201021
In base 3, what is -11121102020 + 20?
-11121102000
In base 9, what is 43 - 16032?
-15878
In base 12, what is 589 - 8a?
4bb
In base 10, what is 265 + 647?
912
In base 8, what is 74 + -6452?
-6356
In base 7, what is 653422 + -12?
653410
In base 12, what is 99 + -62?
37
In base 2, what is 1001111 - 10100100111?
-10011011000
In base 3, what is -2012 + -200?
-2212
In base 9, what is 71 - -53?
134
In base 9, what is 6551 + -71?
6470
In base 5, what is 141344122 - 4?
141344113
In base 4, what is -23 + -3311220?
-3311303
In base 6, what is -1 + -334422?
-334423
In base 3, what is -11111111012 + 101?
-11111110211
In base 4, what is 12231 + 32320?
111211
In base 11, what is 90 + -11810?
-11730
In base 12, what is 80a - 963?
-155
In base 4, what is 0 + 33230110?
33230110
In base 14, what is 29d7 + -63?
2974
In base 13, what is 42456 + -19?
4243a
In base 14, what is -8 - -17094?
1708a
In base 10, what is 0 - 463183?
-463183
In base 13, what is c5 + b51?
c46
In base 12, what is -b + 8b521?
8b512
In base 16, what is -a6 - 3b3?
-459
In base 3, what is -21221022 + -10?
-21221102
In base 2, what is -10111010001001 + 100?
-10111010000101
In base 16, what is 5701b + -2?
57019
In base 3, what is 11110200220 - -2?
11110200222
In base 4, what is 1321 + -213201?
-211220
In base 5, what is 10 - -1244444?
1300004
In base 16, what is 6 - 1e102?
-1e0fc
In base 2, what is 10000101001001100 + 0?
10000101001001100
In base 3, what is 1101000 - -120200?
1221200
In base 3, what is -122112 - -22110?
-100002
In base 3, what is -2 - -10202202?
10202200
In base 4, what is 122132203 + -31?
122132112
In base 12, what is 1 + 45427?
45428
In base 6, what is -14442 + 4?
-14434
In base 9, what is -2 + 104408?
104406
In base 12, what is 4 - 60?
-58
In base 14, what is 3 - 6c905?
-6c902
In base 2, what is -1100110101000001 - 10?
-1100110101000011
In base 10, what is 61 - -4164?
4225
In base 12, what is -19 - -3543?
3526
In base 12, what is -178 - 447?
-603
In base 10, what is -1954 + 21?
-1933
In base 11, what is 149 + -917?
-779
In base 7, what is 63 + -201633?
-201540
In base 13, what is -a6c82 + 5?
-a6c7a
In base 6, what is -1002300 + -3?
-1002303
In base 4, what is 11 + -1321013011?
-1321013000
In base 3, what is 110122101 - -2201?
110202002
In base 13, what is 8 - b349c?
-b3494
In base 11, what is 2a13 + 36?
2a49
In base 6, what is -1030 + 2214?
1144
In base 2, what is 10101 - 10000111101000011?
-10000111100101110
In base 5, what is -3434000 + -20?
-3434020
In base 6, what is -1100415 + 14?
-1100401
In base 16, what is 3 - bca4d?
-bca4a
In base 9, what is 3 - 50812?
-50808
In base 16, what is 1f + 3fa8?
3fc7
In base 2, what is 10100111011100010 + -100?
10100111011011110
In base 9, what is 3780 - 3?
3776
In base 11, what is -41 + a97?
a56
In base 10, what is 501 + 13959?
14460
In base 13, what is 4542cc - -3?
454302
In base 7, what is -305300 - -55?
-305212
In base 3, what is -11211101 - 222?
-11212100
In base 9, what is -14230 - 3?
-14233
In base 9, what is -4310004 + 2?
-4310002
In base 4, what is 2 - -103330303?
103330311
In base 14, what is -2 - 3c141?
-3c143
In base 15, what is -414 + -15?
-429
In base 10, what is -15 - -451?
436
In base 4, what is -2201313 + -1331?
-2203310
In base 6, what is -105 - -1204?
1055
In base 4, what is 103212 - 102?
103110
In base 2, what is 10 - -1000101100111101111?
1000101100111110001
In base 2, what is 11011110 + 10111100100?
11011000010
In base 7, what is -6 - -205?
166
In base 16, what is 5 - 2462?
-245d
In base 9, what is 21373 - 6?
21366
In base 12, what is -39 - 547?
-584
In base 14, what is -14 - -c5b?
c47
In base 7, what is 11416 + 23?
11442
In base 6, what is 4354 + 1245?
10043
In base 8, what is 1312 - 270?
1022
In base 16, what is 345 - bfb?
-8b6
In base 16, what is -294f3 - -2?
-294f1
In base 3, what is -122011 - -221?
-121020
In base 4, what is 2102202 + 11?
2102213
In base 10, what is 154183 + -8?
154175
In base 6, what is -4 + -132504?
-132512
In base 5, what is -1421 - -14422?
13001
In base 4, what is -101 + 1331?
1230
In base 4, what is 120213 + 11?
120230
In base 13, what is 17996a - -4?
179971
In base 7, what is -13 - -53252?
53236
In base 3, what is 22210020 - -1012?
22211102
In base 12, what is -141 - -1043?
b02
In base 2, what is -10011001 - 1111?
-10101000
In base 11, what is -926 + -22?
-948
In base 9, what is -2143 + 24?
-2118
In base 15, what is 14 - 567a?
-5666
In base 9, what is -4 - 24153?
-24157
In base 7, what is -5550 + -6?
-5556
In base 11, what is 189949 - 0?
189949
In base 13, what is -461 - -985?
524
In base 13, what is 11 - -a880?
a891
In base 10, what is 29 + 1507?
1536
In base 10, what is 183 - 9343?
-9160
In base 5, what is -1 - -42213202?
42213201
In base 4, what is -1012313 - 111?
-1013030
In base 15, what is 426 + -270?
1a6
In base 13, what is 198 + 4a3?
66b
In base 7, what is -416005 + -5?
-416013
In base 12, what is 26 - -1701?
1727
In base 16, what is -2a + -f94f?
-f979
In base 11, what is 6473 + 5?
6478
In base 3, what is 22121 + 120102110?
120202001
In base 6, what is 24441005 + 4?
24441013
In base 8, what is 4 + 147514?
147520
In base 12, what is -13329 + 2?
-13327
In base 15, what is -1a + -c8aa?
-c8c5
In base 4, what is 1010300 - 2001?
1002233
In base 10, what is 59734 + -1?
59733
In base 13, what is -2 + b83?
b81
In base 9, what is -2354 - -32?
-2322
In base 6, what is 43 + -12035?
-11552
In base 5, what is 22340 + 2?
22342
In base 7, what is 3 - -1061036?
1061042
In base 10, what is -1 - -58145?
58144
In base 13, what is 68b - b6c?
-4b1
In base 16, what is -3 - 3d08?
-3d0b
In base 15, what is 11 - -2e9?
30a
In base 4, what is 33 + -120202331?
-120202232
In base 10, what is 6 - -395035?
395041
In base 6, what is 55 + -142323?
-142224
In base 4, what is 313112030 - 3?
313112021
In base 8, what is 5 - -11347?
11354
In base 15, what is 1aa + -2a?
180
In base 14, what is 110 + -12?
dc
In base 7, what is -403 - 31450?
-32153
In base 12, what is 6776 - 2?
6774
In base 13, what is -1a + 11ca?
11b0
In base 8, what is 175 + 2105?
2302
In base 13, what is 32cc + -c?
32c0
In base 6, what is -25 - 1033?
-1102
In base 4, what is -11 - 2002332321?
-2002332332
In base 3, what is 2001 + -1012221?
-1010220
In base 15, what is 25 + -50?
-2a
In base 5, what is 11300123 + 11?
11300134
In base 15, what is -8 + 1bd4?
1bcb
In base 5, what is -103200 + 21434?
-31211
In base 15, what is -7 + 1c26?
1c1e
In base 14, what is 4680 - 1?
467d
In base 4, what is 1 + -20212211?
-20212210
In base 10, what is -89191 - -2?
-89189
In base 13, what is -6 - -143cc?
143c6
In base 11, what is 964 + -55?
90a
In base 4, what is -10 - 1300223?
-1300233
In base 6, what is 112050043 + 1?
112050044
In base 11, what is 204 + 189?
392
In base 16, what is -2 + -37b3d?
-37b3f
In base 2, what is 11000000111001010 - -100?
11000000111001110
In base 4, what is 31 - 30231301?
-30231210
In base 14, what is 5 - 1367c?
-13677
In base 14, what is 218dd - -5?
21904
In base 3, what is -2002202210 + -12?
-2002202222
In base 5, what is -1120443 + -40?
-1121033
In base 14, what is 4a0 - 23?
47b
In base 3, what is -1010 - -11022?
10012
In base 6, what is -114 - -1114233?
1114115
In base 10, what is 1794 + -1285?
509
In base 1